2*p, 103 = 2*p + 3*x. What are the prime factors of p?
53
Suppose 4 = -4*j, 4*j - 151 = 4*y - 9*y. Let g = y - 14. What are the prime factors of g?
17
Let z be (58/2 - -2) + -3. What are the prime factors of (-2)/(-8) - (-161)/z?
2, 3
Suppose 14 + 1 = m. Suppose -h - 2*g + m = 0, -5*g = -9 - 16. What are the prime factors of h?
5
Suppose 0 = -3*w + 146 - 23. What are the prime factors of w?
41
Let b be 8/36 + (-50)/(-18). Suppose -b*u + 112 = u. What are the prime factors of u?
2, 7
Suppose 3*t = 3*g - 9, 0*t + 2*t = -g + 6. Let j = t + 5. What are the prime factors of ((-2)/1)/((-4)/j)?
3
Let q = 5 + 5. What are the prime factors of q?
2, 5
Let v(c) = 6*c - 11. Let d(q) = -q**2 + 6*q - 4. Let g be d(3). What are the prime factors of v(g)?
19
Let b = 19 - -5. Let i = 8 + -6. Suppose -20 - 4 = -2*a - 4*u, b = 2*a + i*u. List the prime factors of a.
2, 3
Let y = 6 - 6. Suppose 0 = -q - y + 7. List the prime factors of q.
7
Let g be ((-2)/4)/(1/54). Let j(a) = -a**3 - 4*a**2 - 4*a - 4. Let n be j(-3). What are the prime factors of ((-2)/(-6))/(n/g)?
3
Suppose -u - i = 3 - 6, -4*i - 12 = -2*u. Let z = u + -1. What are the prime factors of z?
3
Suppose -w + 5*w - 20 = 0. Suppose -46 = -3*r - 5*f + 24, -5 = -2*r + w*f. List the prime factors of r.
3, 5
List the prime factors of (78/4 + 3)*4.
2, 3, 5
List the prime factors of (-8)/2 - 94/4*-8.
2, 23
Suppose 0*f - f = -6. Let y(i) = -8*i - 10. Let l(n) = -7*n - 9. Let r(s) = -7*l(s) + 6*y(s). List the prime factors of r(f).
3
Let g(y) = -y**3 + 6*y**2 - 4*y - 2. Let z be g(5). Let v(b) = b**3 - 7*b**2 + 6*b. Let a be v(6). Suppose a = z*l + 2 - 23. List the prime factors of l.
7
Let o = 92 + 188. List the prime factors of o.
2, 5, 7
Suppose 3*q + 0*k - 29 = -5*k, 0 = -q + 2*k - 5. Let g be (-1)/(-3*(-2)/(-12)). Suppose -4*v + 59 = 3*j, q*v = j - 0 + g. What are the prime factors of j?
13
Let q(i) = -3*i**3 + 4*i**2 - i - 2. Let g be q(2). Suppose 0 = 5*c - 2*a - 0*a - 87, -38 = -2*c + 4*a. Let w = g + c. List the prime factors of w.
5
Let u(w) = -5*w**2 + w**3 + 6*w - 2*w + w**2 + 4 - 3*w**2. List the prime factors of u(7).
2
Let r = -29 - -44. Let v = -7 + r. Suppose v = 2*g, 0 = 5*a - g - 71 - 20. List the prime factors of a.
19
Let c(q) = 2*q**2 - 5*q + 15. What are the prime factors of c(6)?
3, 19
Let m(k) = k**3 + 10*k**2 + 7*k + 20. List the prime factors of m(-9).
2, 19
Suppose 6 = -w + 3*p + 1, 35 = 2*w + 3*p. Let k(y) = y**3 - 11*y**2 + 10*y + 3. Let b be k(w). Suppose -30 = -b*x - 0*x. List the prime factors of x.
2, 5
Let h be 0 + ((-4)/2 - 3). Let i be 3/2 - h/10. List the prime factors of i/12*-2*-24.
2
List the prime factors of (3/(-1))/(-1) + 127 + 4.
2, 67
Let r = 9 - 4. Suppose -3*n - r*w + 62 = 0, -92 + 10 = -5*n - 3*w. List the prime factors of n.
2, 7
What are the prime factors of -3*4/12 + 62?
61
Suppose d + 23 = -2*u - 2*u, 4*d = -12. Let w = u - -5. Suppose 5*y - 58 = -5*a - 8, w = -5*a - y + 54. List the prime factors of a.
11
Let t = 113 + -80. Suppose -5*h + 2*h + 38 = 2*m, -3*h - 3*m = -t. Let n = 22 - h. What are the prime factors of n?
2, 3
Suppose 72 = 5*a - a. Let c = 36 - a. What are the prime factors of c?
2, 3
Suppose 0 = -29*u + 34*u - 230. What are the prime factors of u?
2, 23
Suppose -s = 49 - 102. List the prime factors of s.
53
Suppose 2*n - 267 = -5*p + 784, -4*p - n = -839. What are the prime factors of p?
11, 19
Suppose -d + 5 = -k, 2*k - d + 3 = -2. Suppose 4*u - 4 - 4 = k. List the prime factors of u.
2
Suppose -55 = 5*p + 3*m - 233, -p + 26 = 3*m. Suppose -p = -4*g - 6. Suppose f + 3 = g. What are the prime factors of f?
5
Suppose 5*a - 630 = -2*a. List the prime factors of a.
2, 3, 5
Let t(z) = -z**2 + 1 - 5 - 6*z + 2. List the prime factors of t(-4).
2, 3
What are the prime factors of (1 + 0)/((-12)/(-444))?
37
Let t = -40 + 64. List the prime factors of t.
2, 3
Let x = 100 - 49. What are the prime factors of x?
3, 17
Let i be -2*2*(-3)/4. Let f(b) = b**2 - b - 6. Let u be f(-2). List the prime factors of 1*(i + u - -10).
13
Suppose 0 = q - 3*f - 272, -6*f + 4*f + 252 = q. What are the prime factors of q?
2, 5, 13
Let k(b) = 2*b**3 - 6*b**2 + 6*b - 8. List the prime factors of k(4).
2, 3
Let d be ((-16)/6)/((-6)/9). List the prime factors of (14/d)/((-7)/(-14)).
7
Let g(h) = -h**3 - 7*h**2 + h + 1. Let l be g(-7). Let r = l + 10. Suppose -5*m = -r*s + 5, -s = 4*s + 4*m - 37. List the prime factors of s.
5
Suppose x = -0*x - 6. Let n be (-32)/(-12) + 4/x. Let f = n - 0. What are the prime factors of f?
2
Let j = 12 + -13. List the prime factors of 42/1 - (j - -3).
2, 5
Suppose 0 = y - 3*y + 6. Suppose 2*h - 66 = 2*i, -76 = -y*h + h - 3*i. What are the prime factors of h?
5, 7
Let f be 18/5 - 4/(-10). Suppose 24 = -a + f*a. Let n(j) = j - 4. List the prime factors of n(a).
2
Let c(a) = -a - 3 - 1 + 2*a. Let m = 12 - 4. List the prime factors of c(m).
2
Let a be (-2)/((-2)/5*1). Suppose 5*x = -a, 3*x = -2*u + x + 70. What are the prime factors of u?
2, 3
Let o(q) = 3*q**3 + 3*q**2 - 13*q**2 - 10*q - 3 - 4*q**3. List the prime factors of o(-9).
2, 3
Let q = -8 + 22. Let o = -3 + q. What are the prime factors of o?
11
Suppose 0 = 3*o + 2*o + 75. Let j = o - -49. List the prime factors of j.
2, 17
Suppose -7 = -x - 0*x. Let s = -4 + x. Let q = s - -4. What are the prime factors of q?
7
Let c(v) = v + 5. List the prime factors of c(-3).
2
Suppose 0 = -3*p - 2 - 7, 27 = 3*u - 4*p. Let v be (-2)/(-8) - 105/(-12). Suppose 2*r - v = u. What are the prime factors of r?
7
Let b = 14 + -12. List the prime factors of 798/24 - b/8.
3, 11
Suppose 0*m - 3*m - 9 = 0. List the prime factors of (-2 - m - -4) + 2.
7
Let l(t) be the first derivative of -t**2/2 + 2*t - 1. Let s be l(-4). Let k = s + 5. List the prime factors of k.
11
Let p = -29 - -38. List the prime factors of p.
3
Let z = 5 + -1. Suppose -4*n = 2*f - 26, -2*n + z*f = -7*n + 25. What are the prime factors of n?
3
Let p(x) be the first derivative of 0*x - 1/3*x**3 + 2 - 2*x**2. What are the prime factors of p(-2)?
2
Suppose -4*n - z = -313, 5*n = -5*z - 0*z + 410. List the prime factors of n.
7, 11
Let a = 266 + -141. List the prime factors of a.
5
Suppose t - 6*p = -2*p - 33, 5 = -t - 3*p. Let r = -3 - t. What are the prime factors of r?
2, 7
Let i be (-1)/((2/(-32))/1). Let o = i - 3. List the prime factors of o.
13
Suppose -h + 204 = -5*b, 5*h = -3*b - 153 + 25. Let l = 29 + b. Let c = l - -22. List the prime factors of c.
2, 5
Let f(u) = -3*u + 4. Suppose -5*s - 37 = 4*l, -5*s = -4*l - l - 35. List the prime factors of f(l).
2, 7
Suppose -3*q + 2*w + 125 = 7*w, 3*w = 3. Suppose q = 5*y - j, 0*y + j = -2*y + 23. List the prime factors of y.
3
Let u = 0 - -1. Let z(m) = m**2 + 4 - 2 - u. List the prime factors of z(2).
5
Suppose 0 = 4*r - 2*r - 2*l - 48, -51 = -4*r - 5*l. Suppose k = q + r + 5, 5*k - 2*q = 126. List the prime factors of k.
2, 13
Let p(v) = v**3 + 7*v**2 + 6. List the prime factors of p(-6).
2, 3, 7
Let i(d) = d - 2. Let z be i(6). Suppose -2*y = -s - 7, -z*y = s - 0 + 1. What are the prime factors of 29/3 - y/(-3)?
2, 5
Let m = -3 + 8. Suppose m*i - 2*k - 14 = 0, -4*k = -5*i + k + 5. List the prime factors of i.
2
Let i = 90 - -44. List the prime factors of i.
2, 67
Suppose -3*g - i + 4 + 24 = 0, 2*g - 22 = i. What are the prime factors of g?
2, 5
Let w(u) = 3*u - 1 - 3*u + u. List the prime factors of w(7).
2, 3
Let v(x) = 5*x**3 - 7*x**2 + 12*x - 9. Let w(i) = -14*i**3 + 22*i**2 - 36*i + 27. Let d(r) = -11*v(r) - 4*w(r). List the prime factors of d(10).
11
Suppose 3*j - 23 = -8. Let w(p) = p - 4. Let i be w(7). Suppose a = j + i. What are the prime factors of a?
2
Let i = -1 - -20. Suppose 0 = -3*t + 3, t + i = 3*q + 2*t. List the prime factors of q.
2, 3
Suppose 4*t - 284 = -2*m, 5*t - 105 = 5*m + 220. Suppose -3*l + 6*l = -d + 52, 0 = -4*l - d + t. What are the prime factors of l?
17
Suppose -1594 = -16*b + 2678. What are the prime factors of b?
3, 89
Suppose -3*j + 88 = 4*b, -3*b + 166 = 5*j - 6*b. List the prime factors of j.
2
Suppose -7 = -5*o + 13. Suppose o*z - 8 = -0*z. Let a(h) = h**2 - 2*h + 2. What are the prime factors of a(z)?
2
Let p = -114 + 294. List the prime factors of p.
2, 3, 5
Let j(n) = -n**2 + n + 2. Let t be j(3). Let z = t - -9. Suppose 0 = -3*h + z + 13. What